{"id":12,"date":"2025-10-29T04:08:50","date_gmt":"2025-10-29T04:08:50","guid":{"rendered":"http:\/\/localhost:8888\/loongs\/?page_id=12"},"modified":"2026-02-23T02:46:52","modified_gmt":"2026-02-23T02:46:52","slug":"a-propos","status":"publish","type":"page","link":"https:\/\/loongs-international.com\/?page_id=12","title":{"rendered":"A propos"},"content":{"rendered":"\n\n\t<section class=\"section\" id=\"section_265332303\">\n\t\t<div class=\"section-bg fill\" >\n\t\t\t\t\t\t\t\t\t\n\t\t\t\n\n\t\t<\/div>\n\n\t\t\n\n\t\t<div class=\"section-content relative\">\n\t\t\t\n\n<div class=\"row row-collapse row-full-width align-middle\"  id=\"row-373479472\">\n\n\n\t<div id=\"col-1485033478\" class=\"col medium-12 large-6\"  >\n\t\t\t\t<div class=\"col-inner\"  >\n\t\t\t\n\t\t\t\n\n\n  <div class=\"banner has-hover\" id=\"banner-320156632\">\n          <div class=\"banner-inner fill\">\n        <div class=\"banner-bg fill\" >\n            <img loading=\"lazy\" decoding=\"async\" width=\"2048\" height=\"2048\" src=\"https:\/\/loongs-international.com\/wp-content\/uploads\/2026\/02\/Uniforms2.jpg\" class=\"bg attachment-original size-original\" alt=\"\" \/>                                    \n                    <\/div>\n\t\t\n        <div class=\"banner-layers container\">\n            <div class=\"fill banner-link\"><\/div>            \n\n\n        <\/div>\n      <\/div>\n\n            \n<style>\n#banner-320156632 {\n  padding-top: 300px;\n  background-color: rgba(255, 255, 255, 0);\n}\n@media (min-width:550px) {\n  #banner-320156632 {\n    padding-top: 500px;\n  }\n}\n@media (min-width:850px) {\n  #banner-320156632 {\n    padding-top: 600px;\n  }\n}\n<\/style>\n  <\/div>\n\n\n\n\t\t<\/div>\n\t\t\t\t\t<\/div>\n\n\t\n\n\t<div id=\"col-705216293\" class=\"col medium-12 large-6\"  >\n\t\t\t\t<div class=\"col-inner\"  >\n\t\t\t\n\t\t\t\n\n\t<div id=\"gap-725142397\" class=\"gap-element clearfix\" style=\"display:block; height:auto;\">\n\t\t\n<style>\n#gap-725142397 {\n  padding-top: 30px;\n}\n<\/style>\n\t<\/div>\n\t\n\n\t<div id=\"text-2078506574\" class=\"text\">\n\t\t\n\n<h3>\nLoongs International<br \/>\nKung Fu Uniform<\/h3>\n\t\t\n<style>\n#text-2078506574 {\n  font-size: 2rem;\n  line-height: 1;\n}\n<\/style>\n\t<\/div>\n\t\n<p>Depuis 2004, nous accompagnons les \u00e9coles de Kung Fu pour la cr\u00e9ation de tenues adapt\u00e9es \u00e0 leurs besoins : styles, couleurs, broderies et tailles enti\u00e8rement personnalis\u00e9s.<\/p>\n<p>Les photos de nos partenaires t\u00e9moignent de notre travail et de la confiance qu\u2019ils nous accordent. Nous restons \u00e0 votre disposition pour toute demande d\u2019information ou de devis.<\/p>\n<p><em>Loongs International<\/em><\/p>\n\n\t\t<\/div>\n\t\t\t\t\n<style>\n#col-705216293 > .col-inner {\n  padding: 20px 20px 20px 20px;\n}\n@media (min-width:550px) {\n  #col-705216293 > .col-inner {\n    padding: 30px 50px 40px 50px;\n  }\n}\n@media (min-width:850px) {\n  #col-705216293 > .col-inner {\n    padding: 0px 20% 0px 15%;\n  }\n}\n<\/style>\n\t<\/div>\n\n\t\n\n<\/div>\n\n\t\t<\/div>\n\n\t\t\n<style>\n#section_265332303 {\n  padding-top: 0px;\n  padding-bottom: 0px;\n}\n<\/style>\n\t<\/section>\n\t\n\n\t<section class=\"section dark has-parallax\" id=\"section_1732829764\">\n\t\t<div class=\"section-bg fill\" data-parallax-container=\".section\" data-parallax-background data-parallax=\"-3\">\n\t\t\t<img loading=\"lazy\" decoding=\"async\" width=\"2560\" height=\"1707\" src=\"https:\/\/loongs-international.com\/wp-content\/uploads\/2025\/10\/pexels-rdne-7045750-scaled.jpg\" class=\"bg attachment- size-\" alt=\"\" \/>\t\t\t\t\t\t<div class=\"section-bg-overlay absolute fill\"><\/div>\n\t\t\t\n\n\t\t<\/div>\n\n\t\t\n\n\t\t<div class=\"section-content relative\">\n\t\t\t\n\n<div class=\"row\"  id=\"row-1556074208\">\n\n\n\t<div id=\"col-1086989171\" class=\"col small-12 large-12\"  >\n\t\t\t\t<div class=\"col-inner text-center\"  >\n\t\t\t\n\t\t\t\n\n\t<div id=\"gap-937788653\" class=\"gap-element clearfix\" style=\"display:block; height:auto;\">\n\t\t\n<style>\n#gap-937788653 {\n  padding-top: 65px;\n}\n@media (min-width:550px) {\n  #gap-937788653 {\n    padding-top: 100px;\n  }\n}\n<\/style>\n\t<\/div>\n\t\n\n<h3><span style=\"font-size: 135%;\">Besoin de Tenues Personnalis\u00e9es pour Votre \u00c9cole ou Votre \u00c9quipe ?<\/span><\/h3>\n<p class=\"p1\">Nous sommes sp\u00e9cialis\u00e9s dans la conception d\u2019uniformes personnalis\u00e9s pour les \u00e9coles, les repr\u00e9sentations et les comp\u00e9titions. Envoyez-nous votre logo, vos couleurs ou vos r\u00e9f\u00e9rences de design \u2014 nous r\u00e9aliserons vos tenues sur mesure.<\/p>\n\t<div id=\"gap-110294093\" class=\"gap-element clearfix\" style=\"display:block; height:auto;\">\n\t\t\n<style>\n#gap-110294093 {\n  padding-top: 30px;\n}\n<\/style>\n\t<\/div>\n\t\n\n<a href=\"mailto:patrickhoian@gmail.com\" class=\"button white is-underline\" style=\"border-radius:10px;\">\n\t\t<span>Demandez un Devis<\/span>\n\t<i class=\"icon-angle-right\" aria-hidden=\"true\"><\/i><\/a>\n\n\n\n\t\t<\/div>\n\t\t\t\t\t<\/div>\n\n\t\n\n<\/div>\n\n\t\t<\/div>\n\n\t\t\n<style>\n#section_1732829764 {\n  padding-top: 100px;\n  padding-bottom: 100px;\n}\n#section_1732829764 .section-bg-overlay {\n  background-color: rgba(0, 0, 0, 0.669);\n}\n@media (min-width:550px) {\n  #section_1732829764 {\n    padding-top: 150px;\n    padding-bottom: 150px;\n  }\n}\n@media (min-width:850px) {\n  #section_1732829764 {\n    padding-top: 200px;\n    padding-bottom: 200px;\n  }\n}\n<\/style>\n\t<\/section>\n\t\n\n","protected":false},"excerpt":{"rendered":"","protected":false},"author":1,"featured_media":0,"parent":0,"menu_order":0,"comment_status":"closed","ping_status":"closed","template":"page-blank.php","meta":{"footnotes":""},"class_list":["post-12","page","type-page","status-publish","hentry"],"_links":{"self":[{"href":"https:\/\/loongs-international.com\/index.php?rest_route=\/wp\/v2\/pages\/12","targetHints":{"allow":["GET"]}}],"collection":[{"href":"https:\/\/loongs-international.com\/index.php?rest_route=\/wp\/v2\/pages"}],"about":[{"href":"https:\/\/loongs-international.com\/index.php?rest_route=\/wp\/v2\/types\/page"}],"author":[{"embeddable":true,"href":"https:\/\/loongs-international.com\/index.php?rest_route=\/wp\/v2\/users\/1"}],"replies":[{"embeddable":true,"href":"https:\/\/loongs-international.com\/index.php?rest_route=%2Fwp%2Fv2%2Fcomments&post=12"}],"version-history":[{"count":4,"href":"https:\/\/loongs-international.com\/index.php?rest_route=\/wp\/v2\/pages\/12\/revisions"}],"predecessor-version":[{"id":924,"href":"https:\/\/loongs-international.com\/index.php?rest_route=\/wp\/v2\/pages\/12\/revisions\/924"}],"wp:attachment":[{"href":"https:\/\/loongs-international.com\/index.php?rest_route=%2Fwp%2Fv2%2Fmedia&parent=12"}],"curies":[{"name":"wp","href":"https:\/\/api.w.org\/{rel}","templated":true}]}}